/2)?
2
Suppose 5*s - 1201 = 5*a + 6349, 5*s = -5*a + 7570. Suppose 2*j + 2*v + 3*v - 1008 = 0, 3*j - v = s. Suppose 0*t + j = 4*t. What is the hundreds digit of t?
1
Let r(m) = 8*m**2 - 12*m**2 + 7*m**2 + m**3 + 15 + 2*m + 3*m**2. Let q be r(-6). Suppose 2*b - q = 7, -5*b + 315 = 5*z. What is the units digit of z?
8
Suppose -12*r + 3*r = -8964. Let l = r + -324. Suppose -l = -24*b + 12*b. What is the units digit of b?
6
Suppose 0 = -3*q - 3*c + 21, -4*c + 10 = -5*q - 0*c. Suppose w = a - 1 + 4, -3*w + q*a + 7 = 0. What is the units digit of w?
1
Let d = 396 + -1039. What is the hundreds digit of (22/22)/(0 - 1/d)?
6
Let v(d) = 35*d**3 + 9*d**2 + 3*d - 7. Let i(m) = 18*m**3 + 5*m**2 + m - 4. Let g(t) = -5*i(t) + 3*v(t). What is the tens digit of g(2)?
3
Let u(s) = -40*s + 32. Let k(z) = -8*z + 6. Let d(y) = 11*k(y) - 2*u(y). What is the tens digit of d(-7)?
5
Let k(a) = a**3 + 4*a**2 + 3*a. Let o be k(-3). Suppose 4*y - 5*m - 1360 = 0, 5*y - m - 859 - 820 = o. What is the tens digit of y?
3
Suppose 15*b - 208 = 7*b. Let i be ((-455)/(-14))/5*32/2. Suppose i = h - b. What is the units digit of h?
0
Suppose -5*z = -25, -9*z = -g - 7*z + 64202. What is the ten thousands digit of g?
6
Let l be 0 - ((-2)/(-5))/(8/(-240)). Suppose 9*h = 7*h + l. What is the units digit of (-196)/(-6)*12/(24/h)?
8
Let y(v) = -2*v**3 - v**2 - 16*v - 36. Let z be y(-9). Let g = -398 + z. What is the hundreds digit of g?
0
Let k be 3/((-12)/(-8389)) - 30/120. Suppose -k - 329 = -4*q + 2*y, 0 = -q + 5*y + 602. What is the tens digit of q?
0
Suppose 4*x = -4*j + 72, 4*j = 3*j - 3*x + 28. Let i = j + -8. Suppose -3*h - 4*l + 364 = 0, -i*l + 231 = -4*h + 6*h. What is the units digit of h?
8
Let m(s) = 28*s + 140. Let i be m(-5). Let u(x) = x**2 + 10*x + 1364. What is the units digit of u(i)?
4
Suppose 312 = 2*k + k. Let m(o) = -4*o + 278. Let a be m(40). Let p = a - k. What is the units digit of p?
4
Suppose -2*b + 733 + 165 = 4*k, 425 = b - 4*k. Suppose 6*n = -b + 117. Let d = -13 - n. What is the units digit of d?
1
Suppose -7*b + 6*b + 451 = 0. Suppose 6*f - 557 = b. Suppose -5*d + i + 564 = 0, -2*d = -2*i - 56 - f. What is the hundreds digit of d?
1
Let w(o) = -2*o**2 + 23*o + 19. Let f be w(12). Suppose 0 = f*u - 225 + 2682. Let j = u - -506. What is the hundreds digit of j?
1
Suppose 0 = -3*f - 5*p + 1796, 2*f = -2*p + p + 1188. Suppose 6*c + f = 11*c + 4*z, 0 = 4*c + z - 478. What is the hundreds digit of c?
1
Let u = -549 - -148. Let d = -181 - u. What is the units digit of d?
0
Suppose 29*t - 4*x = 31*t - 47618, 4*x = t - 23833. What is the hundreds digit of t?
8
Suppose -5*y = -3*n + 14, 0 = -2*n + 4*y + 8 + 2. Suppose 102 = 3*w + n*s, 3*w = 2*s - 19 + 111. What is the tens digit of w?
3
Suppose 60*m + 29*m - 681174 = -34*m. What is the tens digit of m?
3
Let o(m) = 14*m**2 - m**3 - 3288 - 10*m + 2*m**3 + 3262 - 10*m. What is the units digit of o(-8)?
8
Let d(m) = 2*m**3 - 6*m**2 - 2*m. Let k be -2*(-2 - (-27)/(-6)). Let j(i) = -i + 18. Let y be j(k). What is the units digit of d(y)?
0
Let g be 44*(189/(-28) - -7). Let n(t) = 20*t + 35. What is the hundreds digit of n(g)?
2
Suppose -w = -d - 777, 3*d = -2*w + 8*d + 1545. Let p = -5 - -3. What is the units digit of w/9 - p/(-3)?
6
Let m be (8/(-10))/((-4)/10). Suppose -3*b = r - 1387, -3*b + 2*b + 460 = -m*r. Suppose -4*k + b = 3*k. What is the units digit of k?
6
Let m be 55/(-3)*4*24/(-32). What is the units digit of 3/(-5) + (5643/m - 9)?
3
What is the tens digit of ((-154)/(-35))/(2/990)?
7
Let d(m) = 6*m - 643. Let j(t) = t**2 + 7*t - 644. Let k(l) = -5*d(l) + 4*j(l). What is the tens digit of k(0)?
3
Suppose 2*j + 4*w - 168 = 162, -3*j + 440 = -5*w. Let t = j + -133. Suppose 0 = -11*c + t*c - 187. What is the tens digit of c?
1
Let f = 381 - 377. Suppose 2*q = f*q + 2*g - 1250, -3*q + g + 1875 = 0. What is the tens digit of q?
2
Let x be (9/(-3) - 0) + 30. Suppose -64*p = -x*p - 8843. What is the hundreds digit of p?
2
Let t(x) be the second derivative of -7*x**3/3 + 159*x**2/2 + 7*x. What is the hundreds digit of t(-20)?
4
Let d(j) = -18*j + 16. Let l(h) = 2*h - 11. Let p be l(0). What is the units digit of d(p)?
4
Let y(a) = -a**3 - 10*a**2 - 20*a - 9. Let m be y(-8). Suppose m = -9*u - 4. What is the units digit of 157 - (3 + u/1)?
7
Suppose 36*m + 101751 - 385539 = 0. What is the thousands digit of m?
7
Let r(n) = n**2 - 64*n - 16. Let a be r(-24). Let z = 2999 - a. What is the tens digit of z?
0
Let v be (-146853)/392 - 1/(-8)*-3. What is the tens digit of (-50)/v - 16646/(-30)?
5
What is the ten thousands digit of (-20152)/(2/((-13)/13))?
1
What is the ten thousands digit of (5 + -6)*1 - (-21984 - 22)?
2
Let c = -3 + -2. Let s(v) = -v**2 - 7*v - 3. Let j be s(c). Suppose -j*y = -175 - 371. What is the units digit of y?
8
Suppose -16 + 11 = -j. Suppose -3*r = 4*f - 12, 14*f - 15 = 9*f + j*r. Suppose -f*q + 280 + 23 = 0. What is the hundreds digit of q?
1
Let i(o) = 4387*o**3 - 2*o**2 + 2*o - 2. What is the hundreds digit of i(1)?
3
Suppose -1838 = -20*c + 24542. Suppose 1316*t - c*t = -741. What is the hundreds digit of t?
2
Let u(v) = 10 + 46*v + v**3 + 4*v**2 - 38*v + 0. What is the tens digit of u(5)?
7
What is the thousands digit of (372/155)/((-4)/(-23930))?
4
Let c(w) = 1191*w + 25565. What is the hundreds digit of c(0)?
5
Suppose 4*t + 75 = 7*t. Let n = t + 47. Let q = -44 + n. What is the tens digit of q?
2
Let z(g) = -3*g**3 - 26*g**2 - 57*g - 109. What is the tens digit of z(-16)?
3
Let y = -13829 + 21256. What is the tens digit of y?
2
Let k be ((-4)/(-2) - (-4)/1)/2. Suppose k*s = -5*v + 6*s - 65, 0 = 2*v + 4*s. What is the hundreds digit of 1515/v*6/(-9)?
1
Suppose -33*u = 6*u + 33040 - 635746. What is the thousands digit of u?
5
Let z = -132107 - -193828. What is the ten thousands digit of z?
6
Let j be 96 + (((-24)/3)/(-2) - 4). Let z = 873 - j. What is the hundreds digit of z?
7
Let p(x) = x**2 - 18*x + 34. Let q be p(16). Suppose 12*l - q*l = 4060. What is the hundreds digit of l?
4
Let j(d) = 109*d + 93. Suppose 5*f - 4*b - 22 = 0, -f = -35*b + 37*b + 4. What is the hundreds digit of j(f)?
3
Suppose -q + 30 = 2*x, -2*q - 4*x + 58 = -x. Let v be 13/(0 + -1)*(23 - q). Suppose v*g = 44*g - 515. What is the hundreds digit of g?
1
Suppose -5*o - 3*w + 620 = 0, -4*o - 2*w = 2*w - 504. Suppose 4*k - 3*j - 138 = 0, -4*k + 31 + o = 4*j. What is the units digit of k?
6
Let s = 10844 + -9314. What is the hundreds digit of s?
5
Suppose -3574 = -3*i + 4274. What is the tens digit of i?
1
Suppose -2*u = 2*g - 4799 - 10771, -15560 = -2*g - 4*u. What is the units digit of g?
0
Let r(s) = 7*s - 4. Let x be r(2). Suppose -1 - 49 = -x*q. Suppose 0 = -q*c - 3*j + 870, -c + 8*j - 3*j + 202 = 0. What is the units digit of c?
7
Suppose p - 19076 = -4*y, -y + 27*p = 29*p - 4762. What is the units digit of y?
0
Let j be (-3)/(-8) - (-987)/56. Let k be (10/4)/(j/36). Suppose -166 = -2*a + 4*m, 0*m - m = -k*a + 451. What is the tens digit of a?
9
Suppose 40 = 4*c + n - 15, -5*n + 41 = 2*c. Suppose -145 = -c*d + 5185. What is the hundreds digit of d?
4
Let p = 36617 - 12395. What is the hundreds digit of p?
2
What is the hundreds digit of 38/(-228) + 5/(120/93268)?
8
Let m be ((-2500)/75)/(2/(-198)). Suppose 432 = 12*g - m. What is the tens digit of g?
1
Let v = 73087 + -398. What is the tens digit of v?
8
Suppose 17*m - 4*m - 78 = 0. Suppose m*n - 998 - 496 = 0. What is the units digit of n?
9
Let h be 12/(-42) - 4/(-14). Suppose -2*x - 20 = 2*d, -3*d + d + 2*x - 40 = h. Let s = d - -42. What is the tens digit of s?
2
Suppose 1622*n = 1644*n - 356466. What is the tens digit of n?
0
Let u = -20673 - -77672. What is the ten thousands digit of u?
5
Suppose 3*g - 3984 = -5*k, 3*k + 597*g = 592*g + 2400. Let u be (-2*1)/((-1)/2). Suppose 0 = -u*y - 31 + k. What is the units digit of y?
1
Let l(m) = -m**2 + 6*m + 10. Let n be l(7). Let c(b) = -b**3 + 4*b**2 - 3*b + 5. Let i be c(n). Suppose -126 - 49 = -i*d. What is the units digit of d?
5
Let i = 17135 + -8526. What is the hundreds digit of i?
6
Suppose -9*s + 2 = -10*s, 2*s = i - 77. Suppose -4*p + 314 = 3*t, 0 = -4*p - 5*t + 391 - i. What is the tens digit of p?
7
Suppose 3*x + 361 = -5*d + 5*x, -2*x - 4 = 0. Let f = 65 + d. What is the hundreds digit of 5/20 - 